b = m - -4. Suppose -3*s = 0, -b*s = -a - 3*s + 29. What are the prime factors of a?
29
Let a = 22 - 20. Suppose 0 = -3*x + a + 4. List the prime factors of x.
2
Let l = 366 + 1909. List the prime factors of l.
5, 7, 13
Suppose 0 = -5*l, 0*l - 135 = -5*u - 4*l. List the prime factors of u.
3
Suppose 0 = b - w - 2, 14 = 3*b + 3*w + 2. Suppose 5*j = -b*y + 199, 2*j - 142 = 2*y - 56. List the prime factors of j.
41
Let g = 22 - 21. List the prime factors of (58 - 0/2)*g.
2, 29
Let a be 2/(1 + -3)*0. Suppose 2*h + g - 77 = -a*h, 5*h - 209 = 3*g. List the prime factors of h.
2, 5
Let a(g) be the second derivative of g**5/20 - 5*g**4/12 + g**3/3 + 2*g**2 - 3*g. List the prime factors of a(6).
2, 13
Let d(j) = 21*j**2 - 2*j - 3. Let c be d(-1). Let u = c + 64. List the prime factors of u.
2, 3, 7
Suppose 6*z - 10522 = 1358. List the prime factors of z.
2, 3, 5, 11
Suppose 0*c - 4*z - 20 = -2*c, -2 = c + 2*z. Suppose 4 = c*r, -5*n + 29 + 33 = 2*r. What are the prime factors of n?
2, 3
Suppose 2*s = 4 + 10. Let b(w) be the first derivative of w**2 - 10*w + 95. List the prime factors of b(s).
2
Let t(p) be the second derivative of p**4/12 - p**3/2 + 73*p**2/2 - 18*p. What are the prime factors of t(0)?
73
Suppose -81*w + 91698 = -30*w. List the prime factors of w.
2, 29, 31
Suppose 0 = 768*x - 747*x - 30660. List the prime factors of x.
2, 5, 73
Let s be 9/4 + 3/(-12). Suppose -2*d = s*d - 216. Suppose -i - 5*z = 5, 0 = -4*i + 2*z - 8 + d. What are the prime factors of i?
2, 5
Suppose -8322 = 3*k - 6*k - 3*n, 2*k - 5568 = 2*n. List the prime factors of k.
7, 397
Suppose 0 = 2*p + 2*u - 3674, 6*p = 8*p - 2*u - 3654. List the prime factors of p.
2, 229
Suppose 5*b = x + 27, 2*b = -2*x - b - 119. Let n = x + 189. Let j = n + -98. List the prime factors of j.
3, 13
Let o(k) = 1621*k - 4. List the prime factors of o(1).
3, 7, 11
Let a = -28 - 6. Let k = a - -37. What are the prime factors of k?
3
Let h(c) = 3*c**3 - 10*c**2 + 23. List the prime factors of h(8).
919
Let l(c) = -15 - 28*c + 7*c + c**2 - 2*c**2. List the prime factors of l(-15).
3, 5
Let x = -39 + 17. Let y = x + 26. Suppose 0 = -r - 3*q + 30 - y, 0 = -5*r + 3*q + 130. List the prime factors of r.
2, 13
Suppose -85 = 3*i - 484. Suppose 2*n - 95 = i. What are the prime factors of n?
2, 3, 19
Let m(l) = -l**2 - 2*l + 2. Let p be m(-3). What are the prime factors of p/(-4)*(-496)/(-4)?
31
Let n(z) = 163*z**2 - 2. Suppose -2*j - 1 = -p - 0*p, -p = -3. What are the prime factors of n(j)?
7, 23
Suppose -2*m - 23095 = -3*c - 6344, 4*m + 22328 = 4*c. What are the prime factors of c?
37, 151
List the prime factors of 2950*7/(245/21).
2, 3, 5, 59
What are the prime factors of (-3 - -4)*-16*(1 - 24)?
2, 23
Suppose 2*z - 5*z + 3*w - 6 = 0, -3*w + 12 = 0. Let v(t) = t**3 - 2*t + 1. Let q be v(z). Suppose 37 = -q*g + 107. What are the prime factors of g?
2, 7
Let z(x) = x + 10. Let o be z(-7). Suppose -4*q + 290 = -5*u, -o*q - 5*u + 233 = -u. What are the prime factors of q?
3, 5
Let h(v) = -v**3 + 10*v**2 + 3*v + 8. Let p be h(10). Suppose -2*n - 5*y - 1 = -n, -2*n = 2*y - p. What are the prime factors of n?
2, 3
Let g(c) = c**2 + 3*c - 8. Let y be g(-6). List the prime factors of -10*((-5)/y - 2).
5
Let s(t) = 2*t**2 + 6*t. Let g(w) = w**2 + 8*w - 12. Let y be g(-10). Suppose -y*o = -6*o + 10. What are the prime factors of s(o)?
2, 5
Let f be (-12)/84 + 1126/(-7). Let z = 325 + f. Suppose 5*g - z = 166. What are the prime factors of g?
2, 3, 11
Let g be 860/(-8)*(-18)/15. Suppose 0*b + 3*b - 4*c = 14, 0 = -b + 2*c + 4. What are the prime factors of g/9 + 4/b?
3, 5
Suppose -8*u - 2*f - 1188 = -12*u, 0 = 4*u + f - 1182. What are the prime factors of u?
2, 37
Suppose 32 - 1 = -m. Suppose -3*i = -2*i + 4. Let a = i - m. What are the prime factors of a?
3
Suppose 4*n + g - 2*g = 22, 3*n - 7 = -4*g. Suppose -n*q = -91 - 269. Let r = -36 + q. List the prime factors of r.
2, 3
Let y(p) = 2*p**2 + 27*p - 17. Let m(d) = d**2 + 26*d - 17. Let h(k) = 3*m(k) - 2*y(k). List the prime factors of h(22).
3
Let b(v) be the first derivative of 3*v**3 + 3*v**2/2 + 1. Suppose 0 = -13*m - 2*m - 30. List the prime factors of b(m).
2, 3, 5
Let d = 39 - 43. Let x be 1 + (-271)/(-5 - d). Suppose -3*u + b + 105 = -54, -5*u + 4*b + x = 0. What are the prime factors of u?
2, 13
Let g(z) = 252*z**2 + 3*z - 2. List the prime factors of g(2).
2, 11, 23
Suppose -3*f + 27*o - 30*o = -3543, 0 = -5*f + 3*o + 5889. What are the prime factors of f?
3, 131
Let t = -705 + 1861. List the prime factors of t.
2, 17
Let d(m) be the second derivative of -m**4/3 - m**3/6 - 4*m**2 + 9*m. Let r(c) be the first derivative of d(c). What are the prime factors of r(-3)?
23
Suppose 2148 - 13823 = -5*x. What are the prime factors of x?
5, 467
List the prime factors of -8*(4005/(-18) + 3).
2, 439
Let p(g) = 60*g - 115. What are the prime factors of p(3)?
5, 13
Let w = 39 + -37. Suppose 3*c + 28 = 4*s, -w*c = -c + 4. Suppose 2*f - 43 = -d, -s*d + 5*f = -9*d + 215. List the prime factors of d.
43
Suppose 0*v - 3*v + 54 = 0. Suppose 0 = -13*l + v*l - 5. List the prime factors of 12 - l - (13 + -10).
2
Let c = -512 + 1404. List the prime factors of c.
2, 223
Let d(l) = 4*l**2 + 2*l - 5. Let y be d(-3). Let g = y - -56. What are the prime factors of g?
3
Suppose -4*g + 15 = u, -4*u - 38 + 8 = -2*g. Let n(f) = -22*f - 13. What are the prime factors of n(u)?
97
Let y(c) = -8*c + 10*c + 6*c**2 - 3*c - 2. What are the prime factors of y(-1)?
5
Suppose 2*j + 4*f = -1 - 905, 0 = -f + 1. Let o = -238 - j. List the prime factors of o.
7, 31
Let q be 15*(-3 - 20/(-6)). Suppose b + r = -4*b + 14, -b + 22 = q*r. Suppose 3*s + s - d = 198, 4*d + 106 = b*s. List the prime factors of s.
7
Let d(j) = -j**3 + 8*j**2 - 3*j + 1. Let q be d(7). Let n = q + -25. Suppose -n*v - 9 = -5*v. List the prime factors of v.
3
Let h(r) = r + 1 + r**2 - 9 + r. What are the prime factors of h(-8)?
2, 5
Let x(k) = -k**3 + 3*k**2 + 10*k - 5. Let q be x(5). What are the prime factors of -1*(5/(q/49) - 0)?
7
Suppose 17*q + 0*q = 3264. What are the prime factors of q?
2, 3
Suppose -3*x - 6 = 0, 3*s = -x + 2*x + 2. Let n(j) = j**3 - j**2 + j + 5. What are the prime factors of n(s)?
5
Suppose 11*d - 2484 = 156. List the prime factors of d.
2, 3, 5
Let u be (-158)/(-22) - (-2)/(-11). Suppose -u*q = 4*q - 979. List the prime factors of q.
89
Let c(v) be the third derivative of -3*v**4/8 - v**3/2 + 3*v**2. Let u be c(8). List the prime factors of (4/3)/((-5)/u).
2, 5
List the prime factors of -10 - (80500/10)/(-10).
3, 5, 53
Let a(k) = -7*k + 13. Suppose 5*h - 17 = 4*v + 2, -2*v - 4*h = 16. What are the prime factors of a(v)?
5, 11
Let j = 2392 - 1364. List the prime factors of j.
2, 257
Let g = 883 - 365. List the prime factors of g.
2, 7, 37
Let u = 100 + -95. Suppose 5*v = v + g + 776, 971 = u*v - g. List the prime factors of v.
3, 5, 13
Suppose -12*a + 8478 + 19662 = 0. List the prime factors of a.
5, 7, 67
Let u be (-10)/(-4) + (-9)/(-18). Suppose u*v - 2091 = 81. What are the prime factors of v/26 - 22/(-143)?
2, 7
Suppose 28*d + 39715 = 41*d. What are the prime factors of d?
5, 13, 47
Let c(y) = 8*y**2 + 2*y + 2. Let n be c(2). Let k = -14 + n. List the prime factors of k.
2, 3
Let s = -5596 - -9933. List the prime factors of s.
4337
Suppose 0*m + 11*m - 33 = 0. Let p be 1/(1/13*1). Suppose 4*r - 4 = 0, m = 2*z - 2*r - p. List the prime factors of z.
3
Suppose 4*b - 3*y + 107 = 0, y + 18 = -b - 0. Let r = 67 + -119. Let q = b - r. List the prime factors of q.
29
Let i(h) = 14*h**2 - 23*h. What are the prime factors of i(-13)?
5, 13, 41
What are the prime factors of (-20292)/(-38) + (-3 - 1)?
2, 5, 53
Let s = -21 - -25. Suppose -2*o = 0, -s*a + 3*o + 391 - 91 = 0. What are the prime factors of a?
3, 5
List the prime factors of 37 - ((-27)/(-6) + 9/(-6)).
2, 17
Suppose -6*j + 10*j = -3*f + 2864, 0 = -f + 3*j + 933. What are the prime factors of f?
2, 3, 79
Let x(d) = -17*d + 8*d - 5 - 16*d + 2*d. List the prime factors of x(-2).
41
Suppose -12*g - 24 = -432. What are the prime factors of 2*(g - 3)*(4 - 3)?
2, 31
Suppose 5 = -2*a - 3*n - 5, 3*n = -a - 5. Let c be (4/10)/((-1)/a). Suppose -t - t - 22 = -c*s, 2*s - 3*t - 23 = 0. List the prime factors of s.
2, 5
Suppose -5*x = -37 + 2. Let b = x + -